Calculate the greatest common divisor of 2109 and 399.
57
What is the highest common divisor of 1070 and 3020?
10
What is the highest common divisor of 159 and 200393?
53
Calculate the highest common divisor of 32 and 63744.
32
Calculate the highest common factor of 1 and 33581.
1
What is the greatest common divisor of 972 and 379?
1
What is the highest common factor of 136368 and 576?
144
What is the highest common factor of 2472 and 3048?
24
What is the highest common divisor of 149632 and 11648?
896
Calculate the greatest common factor of 336 and 887824.
112
Calculate the greatest common factor of 1229580 and 216.
108
What is the highest common divisor of 50 and 3309?
1
Calculate the greatest common divisor of 452114 and 78.
26
What is the highest common factor of 69 and 567249?
69
What is the highest common divisor of 188 and 236?
4
Calculate the greatest common factor of 106911 and 693.
63
Calculate the greatest common factor of 62 and 15779.
31
What is the greatest common divisor of 318 and 3371118?
318
What is the highest common divisor of 45 and 581395?
5
What is the highest common divisor of 540 and 4384260?
540
What is the greatest common divisor of 8601 and 732?
183
Calculate the highest common divisor of 160 and 22280.
40
Calculate the highest common factor of 118864 and 8816.
304
Calculate the greatest common divisor of 691200 and 675.
675
Calculate the greatest common divisor of 88960 and 69760.
640
What is the highest common factor of 218307 and 1272?
159
What is the highest common divisor of 25 and 75575?
25
Calculate the highest common divisor of 660 and 468870.
30
What is the highest common divisor of 2700 and 3700?
100
What is the greatest common divisor of 1653 and 56829?
57
What is the greatest common divisor of 1 and 45581?
1
Calculate the highest common factor of 3696 and 3216.
48
What is the highest common factor of 56 and 139482?
14
Calculate the highest common divisor of 37674 and 1170.
234
Calculate the greatest common divisor of 666425 and 2622.
437
What is the highest common factor of 192 and 5832?
24
Calculate the highest common divisor of 3216 and 2448.
48
Calculate the greatest common factor of 432 and 20544.
48
What is the greatest common factor of 23 and 239453?
23
What is the highest common divisor of 65 and 13845?
65
What is the greatest common factor of 28 and 3449236?
28
What is the highest common divisor of 190940 and 100?
20
Calculate the greatest common divisor of 911834 and 3410.
682
What is the highest common factor of 25340 and 2947042?
2534
Calculate the greatest common factor of 315 and 10745.
35
Calculate the highest common factor of 2 and 775706.
2
What is the highest common divisor of 1116148 and 44?
44
Calculate the highest common divisor of 1173 and 16698.
69
Calculate the greatest common divisor of 29445 and 17365.
755
Calculate the greatest common divisor of 551 and 22553.
19
Calculate the highest common divisor of 17066626 and 166.
166
Calculate the greatest common factor of 9659 and 17089.
743
Calculate the greatest common factor of 2034 and 107915.
113
What is the greatest common factor of 8 and 16573472?
8
Calculate the greatest common factor of 5194992 and 12.
12
What is the highest common divisor of 1972 and 1276?
116
Calculate the highest common factor of 3060 and 39678.
102
What is the highest common factor of 7048 and 344?
8
What is the greatest common factor of 16587 and 243?
9
Calculate the highest common divisor of 329130 and 810.
270
What is the highest common factor of 1058 and 1971583?
529
Calculate the greatest common factor of 10943308 and 23.
23
What is the greatest common factor of 131716 and 894?
298
Calculate the greatest common factor of 860 and 3661880.
860
What is the greatest common divisor of 90 and 37470?
30
Calculate the highest common divisor of 1019700 and 132.
132
What is the greatest common factor of 20309 and 23?
23
Calculate the greatest common divisor of 65478 and 42.
42
Calculate the greatest common factor of 13407 and 60168.
327
What is the greatest common factor of 3081 and 13?
13
Calculate the greatest common divisor of 201379 and 277.
277
What is the highest common divisor of 151362 and 54?
54
Calculate the highest common factor of 9344 and 576.
64
What is the greatest common divisor of 123 and 860467?
41
What is the greatest common divisor of 273320 and 280?
40
What is the greatest common factor of 1076 and 386822?
538
Calculate the greatest common factor of 27659 and 1411.
17
Calculate the greatest common factor of 18088 and 760.
152
What is the greatest common divisor of 5688 and 120159?
711
What is the highest common divisor of 19560 and 100?
20
What is the highest common divisor of 58 and 473686?
58
What is the greatest common factor of 33 and 8976?
33
Calculate the highest common divisor of 30 and 37704.
6
What is the highest common divisor of 67069 and 1410?
47
What is the greatest common divisor of 161417 and 41?
41
Calculate the greatest common divisor of 4047 and 3955268.
1349
What is the greatest common divisor of 108807 and 21?
3
Calculate the greatest common factor of 4646 and 5656.
202
Calculate the highest common factor of 72483 and 111.
111
What is the greatest common divisor of 72657 and 4617?
243
What is the highest common factor of 72798 and 11?
11
What is the highest common factor of 4333554 and 54?
54
What is the greatest common divisor of 1136 and 34288?
16
What is the greatest common factor of 2196479 and 53?
53
Calculate the highest common divisor of 210733 and 20104.
359
What is the greatest common factor of 8464669 and 1063?
1063
Calculate the highest common factor of 760656 and 9867.
897
Calculate the greatest common divisor of 1036 and 1109297.
259
What is the highest common divisor of 445126 and 154?
22
Calculate the highest common divisor of 14784 and 199353.
231
What is the greatest common factor of 3808 and 32?
32
What is the highest common factor of 9 and 37467?
9
Calculate the greatest common divisor of 19550 and 1360.
170
Calculate the greatest common factor of 100 and 452300.
100
Calculate the highest common divisor of 310 and 308450.
310
What is the greatest common divisor of 16 and 479768?
8
Calculate the highest common factor of 1128 and 24440.
376
Calculate the greatest common factor of 18 and 6687.
9
Calculate the highest common factor of 36 and 6395004.
36
What is the greatest common factor of 250030 and 550?
110
What is the highest common factor of 5287641 and 141?
141
Calculate the highest common factor of 1764 and 17892.
252
Calculate the highest common divisor of 220038 and 5070.
1014
What is the greatest common divisor of 845 and 35659?
169
What is the greatest common divisor of 4113 and 45?
9
What is the highest common divisor of 317046 and 106?
106
Calculate the highest common factor of 294774 and 146.
146
What is the highest common factor of 1557 and 608441?
173
Calculate the highest common divisor of 6655 and 1155.
55
Calculate the highest common divisor of 2212796 and 681.
227
Calculate the highest common factor of 28 and 96026.
14
Calculate the greatest common divisor of 621780 and 60.
60
Calculate the highest common factor of 373 and 1889991.
373
What is the highest common factor of 12 and 140220?
12
What is the greatest common divisor of 384 and 182656?
128
What is the greatest common factor of 45791 and 2813?
29
Calculate the greatest common factor of 1459110 and 102.
102
What is the highest common divisor of 2667 and 63?
21
Calculate the highest common divisor of 510096 and 32.
16
Calculate the highest common divisor of 81 and 409779.
81
What is the highest common factor of 794 and 1191?
397
Calculate the highest common divisor of 168 and 1974.
42
Calculate the greatest common divisor of 52772 and 948.
316
Calculate the greatest common divisor of 18132 and 228.
12
What is the highest common divisor of 4 and 31810?
2
What is the highest common divisor of 304606 and 5270?
1054
Calculate the greatest common divisor of 3968 and 298112.
128
Calculate the highest common factor of 3713 and 7097.
47
What is the greatest common divisor of 80561 and 13?
13
Calculate the greatest common factor of 96 and 30648.
24
What is the highest common divisor of 136 and 16136?
8
Calculate the greatest common divis